 the value of (3 - -9) + -1 + -5 + 1?
7
What is 2 - 1 - (8 + 4 + -13)?
2
Calculate 0 - -1 - (20 + -19).
0
Calculate -2 + -6 + 4 + 1.
-3
Evaluate (2 - 4) + 15 + -22.
-9
What is the value of -7 + (-8 + 17 - 3)?
-1
What is the value of 2 + 8 + -1 - 4?
5
-1 + (2 - (2 - 2))
1
Calculate (3 - 2) + (0 - -3).
4
Calculate -4 + 1 + 4 + -2.
-1
What is 2 - (0 - (-7 - (-2 + 0)))?
-3
Calculate 4 - 4 - (3 - (3 + 3)).
3
-1 - (-8 + 2 + 3 - -3)
-1
Calculate 16 + (-1 - 3 - 10).
2
What is -81 + 75 + 2 + 0 + 2?
-2
Calculate (1 - 3 - (16 - 25)) + -3.
4
What is the value of 2 + -3 + -2 - -4?
1
What is 1 + (-1 - 0) + (1 - 2)?
-1
What is -8 + 6 + 8 - 7?
-1
What is the value of -5 + (-9 - -13) + (-1 - -10)?
8
Calculate (3 - (1 - 5)) + -2.
5
-6 + (7 + 1 - 4)
-2
Calculate -1 - -4 - ((-2 - -14) + -6).
-3
What is -8 - ((-12 - -4) + 6 - 3)?
-3
What is 0 - ((-7 - -17) + -15)?
5
What is (-7 - (0 + 5)) + 10?
-2
Calculate 2 - (-9 + 8 + 9).
-6
What is 0 - 3 - ((9 - 3) + -16)?
7
What is the value of -6 + (6 - -2 - (12 + 1))?
-11
What is -6 + 2 + (3 - 1) + -3?
-5
Evaluate 6 + 0 + (-16 - -13).
3
Evaluate (-12 - -11) + (-1 - 3) - -2.
-3
What is the value of 0 + (15 - 2 - 11)?
2
Evaluate 2 + (3 - -3) - 6.
2
What is the value of (-1 - 2) + 3 - 5?
-5
Calculate -1 + -4 + 0 + (0 - -7).
2
What is (-1 - -3) + 3 + 19 + -19?
5
What is 10 - (6 + 3 - (0 + 2))?
3
What is -2 - (6 - 0 - 6)?
-2
Evaluate 2 + 2 + -5 + -1.
-2
-2 - (-4 - -2) - (1 - 4)
3
Calculate 4 - (2 - (0 + 1)).
3
Calculate -5 + -2 + (5 - (3 + 0)).
-5
What is the value of 51 + -52 + 16 + -1 + -4?
10
What is 13 + -31 + 13 - (-5 - -1)?
-1
Calculate -15 + 16 + (1 - 3).
-1
What is 6 + (-5 - 0) - 2?
-1
(14 - 8) + (-5 - 0)
1
6 - (12 - (1 - 0))
-5
13 - ((10 - 18) + 12)
9
What is the value of (-5 - -1) + 0 - (23 + -22)?
-5
Calculate -6 + 0 + (-2 - -4) - -7.
3
What is the value of (-8 - -1 - -7) + 2?
2
What is the value of 116 + -110 - (1 - -3)?
2
What is the value of -5 + 9 + -8 + 4?
0
What is the value of -5 - (-13 + 7) - (-4 + 0)?
5
Calculate -3 - (-7 - (-12 - -5)).
-3
Evaluate 3 + (4 - (1 + 0 + 1)).
5
What is -5 + 1 + -5 + 9?
0
Calculate -3 + 5 + (2 + -3 - 0).
1
What is the value of 9 + -7 + (-3 - 2)?
-3
Calculate (7 - 3) + 3 + -2 + 4.
9
Evaluate 3 - (0 - -1) - (20 - 14).
-4
What is the value of -4 + (-1 - (3 - 8)) + -2?
-2
Calculate 1 + -6 - -2 - (-4 + 4).
-3
What is the value of 0 + -6 - -3 - 0?
-3
-3 - 2 - (3 - 12)
4
8 - (-10 + (4 - -7))
7
What is the value of -6 - -14 - 13 - (0 - 6)?
1
What is 42 + -41 + -2 + 0 + -1?
-2
What is 2 + -4 - -5 - (7 - 1)?
-3
Calculate 2 - ((-3 - -3) + 1 + 3).
-2
What is the value of (1 - -2 - (7 - 6)) + 1?
3
What is the value of 6 + -2 + -11 + 6?
-1
Evaluate -7 - ((-3 - -7) + -4) - -5.
-2
Calculate (1 - 5) + -7 + 9.
-2
What is the value of (4 - (7 - 4)) + -8?
-7
Evaluate -1 + 2 + (9 - 4 - 10).
-4
What is the value of -2 + -2 + 15 + -5?
6
2 + (-6 - (-3 - -3)) - -1
-3
Evaluate -9 + 3 - (5 + -7 + 1).
-5
2 - ((0 - 6) + 4 - 0)
4
14 - 9 - (3 - -8)
-6
Calculate 8 + (-17 + 12 - 6).
-3
2 + -8 - (-5 + -6)
5
What is -4 - ((8 - 1) + (-4 - 10))?
3
What is the value of -2 - (-3 - (-7 + 2 + -1))?
-5
What is the value of -5 + 12 + -2 - (10 - 1)?
-4
Evaluate -6 - -5 - (-3 + (-7 - -12)).
-3
What is -1 - (8 + -8 - (0 + 0))?
-1
0 + (1 + 1 - (-19 - -18))
3
Evaluate 1 - -1 - (6 + (-3 - 2)).
1
-16 + 2 + 5 - -3
-6
-4 - -5 - (-7 + 4)
4
Evaluate 1 - 1 - (-17 + 18).
-1
What is the value of (3 - (2 - 6)) + -2?
5
Calculate 5 - (-2 + -4 + 4).
7
Evaluate (-1 - 2) + 3 + -4.
-4
Evaluate (-4 - 1) + (35 - 26) - 12.
-8
What is the value of (11 - 16) + 1 + (2 - -3)?
1
What is the value of 0 + (21 + -7 - 24)?
-10
What is the value of (5 - 1 - 3) + (1 - 5)?
-3
What is 0 - (2 + (3 - 2) - 0)?
-3
What is the value of -5 + (-1 - (5 - 7) - 6)?
-10
Calculate -11 + -1 + 0 + 3 + -2.
-11
Calculate 0 + 4 + -6 - -10.
8
Calculate -4 + 8 - 7 - -2.
-1
What is -16 + 13 - (1 - -1)?
-5
Calculate 3 + -1 + (31 - 19) + -4.
10
What is the value of 3 + -4 + 11 - 6?
4
Calculate 3 - (-3 - (-6 + (1 - 0))).
1
Evaluate -13 - (-3 + -12 - -6).
-4
2 - ((-9 - -10) + 3 + 2)
-4
Evaluate -10 + 11 - (3 + -1).
-1
Evaluate -4 + 1 + (1 - (-2 - -1)).
-1
Evaluate 3 + (-33 - -26 - (-3 + 1)).
-2
Evaluate -3 + 0 + -1 + 2 - -5.
3
Calculate (10 - 9 - -7) + (-1 - 4).
3
Evaluate 4 + -4 + (-1 - 2).
-3
Evaluate 6 - ((8 - -9) + -9).
-2
Calculate 4 + -15 + 3 + 4.
-4
(-2 - -5) + -4 - (2 + -3)
0
Calculate 4 - (2 + -2) - (3 + -1).
2
What is 5 + 7 + -8 + -8?
-4
Evaluate 3 + (6 + 2 - 12) - 4.
-5
Evaluate -4 - ((1 - -1) + -3 + 1).
-4
Evaluate (3 - -1) + -13 + 6 - -7.
4
What is -8 + -2 + 4 + (-3 - -6)?
-3
What is -1 + 0 - (16 + -10)?
-7
What is 7 + (-18 - -4) + 8?
1
What is -8 - ((8 - 3) + -11)?
-2
What is -7 + 3 + -7 + 2?
-9
Calculate -2 + -2 + 1 + 2.
-1
What is -6 + 7 + -7 + 6?
0
Calculate 11 - (1 + 4 - 0).
6
What is -1 + (4 - (1 + (-2 - -3)))?
1
What is the value of (6 - (3 - -2)) + -2?
-1
What is -4 + 7 - -4 - 11?
-4
-12 + (7 - (-3 + 4))
-6
What is (4 + -4 - -1) + (-2 - -3)?
2
What is the value of (-2 - (7 - 5)) + 1?
-3
-2 - (7 + -6 + 3)
-6
What is 8 - (11 - 6 - 0)?
3
What is -9 + -8 + 11 - (-4 + 1)?
-3
What is the value of 1 + 0 - ((2 - 8) + 11)?
-4
Calculate (-2 - (7 + -20 - -3)) + -2.
6
(0 + 0 - -8) + -12 + 9
5
What is the value of -1 + (4 - 1) + -5?
-3
What is (1 + -7 - 1) + (5 - 1)?
-3
Evaluate -8 - (-11 - -2) - -1.
2
-4 + -5 + 3 + 9
3
What is the value of -35 + 36 + (0 - 0)?
1
Evaluate 7 + -9 + (-4 - (-2 + 0)).
-4
What is 3 - 5 - (-4 - -1 - -2)?
-1
Evaluate (-4 + -2 - (0 + -6)) + 4.
4
What is the value of 12 + -8 + 3 - 14?
-7
Calculate -2 - (-4 - -4) - (4 + -1).
-5
Calculate -8 + -15 + 24 - (-1 - 0).
2
What is the value of -2 + 3 + 2 + 1 + -1?
3
Calculate -1 - -11 - (18 - 1).
-7
What is 6 + (1 - (5 - (-3 - -3)))?
2
Evaluate 5 + (-9 - -5) - (-2 - -6).
-3
Calculate 0 - 5 - (-7 - -6) - 0.
-4
What is the value of -6 + 1 - (-9 - -8)?
-4
Calculate -8 + 4 - -5 - 4.
-3
(3 - 4 - (-6 + 1)) + -5
-1
What is -6 - (4 + -8 + -2 + 4)?
-4
Evaluate (-9 - -11) + -2 + 0 + 3.
3
What is (-1 + -1 - -1) + (-51 - -48)?
-4
What is the value of 1 + -9 - (9 + -23) - 0?
6
What is (1 - 2) + 0 - (-33 + 37)?
-5
What is the value of -1 - 3 - (-9 - -9)?
-4
Evaluate 15 + -5 - 0 - 6 - 5.
-1
-2 - -6 - (-4 + 3 + 11)
-6
Evaluate -4 - (-5 + 2 - -3) - -5.
1
What is the value of (1 - 0) + 57 + -55?
3
(8 - (2 + 6)) + 0
0
What is the value of 3 - (-2 + 16) - -7?
-4
Evaluate (1 - 0 - 5) + (32 - 31).
-3
Calculate -2 + -1 - -2 - -1.
0
What is -2 - (-9 - (-2 - 3))?
2
What is the value of -1 - (-2 - -2) - -2 - 6?
-5
What is (-5 - 4) + 4 + (2 - -3)?
0
Evaluate -3 + (-5 - -4) + 3 - 3.
-4
(2 - (2 + -1)) + -1
0
(1 - -1) + 5 + (4 - 7)
4
(3 - (8 - (-4 - -8))) + -1
-2
What is the value of 1 + 0 + 12 - (31 + -25)?
7
-5 + -1 + 4 + 4
2
What is the value of 4 + (6 - 3) + -3?
4
Evaluate -4 + 1 + 3 + (0 - -1).
1
1 - (2 + (-2 - 2))
3
What is the value of -9 - 1 - (116 + -132)?
6
(4 - (0 + -1)) + 1 + -3
3
What is the value of (5 - 16) + (-4 - -10)?
-5
Calculate -4 + (4 + -6 + 0 - -7).
1
0 + -5 + (41 - 34) - 7
-5
Evaluate (-1 - -5) + -5 - -2.
1
What is the value of (-4 - (-8 - -2)) + -3?
-1
1 + -1 + (-10 - -8) + 7
5
What is 8 - ((1 - -2) + 16 + -16)?
5
Calculate -1 + 5 + (2 + -11 - -4).
-1
Evaluate 0 - (4 - (-9 + 7)).
-6
What is -6 + (4 + -4 - 3 - -4)?
-5
Calculate (-1 - -4) + (1 - 4).
0
What is the value of -7 + 1 + 10 + -1 + -2?
1
Evaluate (-1 - (-1 + -1)) + (11 - 8).
4
What is the value of -10 - (-13 - (-2 + -5))?
-4
What is the value of -1 + 2 + -6 - -2?
-3
(-1 + 0 - 0) + -328 + 322
-7
-88 + 91 - (-1 - -7)
-3
Evaluate -2 + -2 + -7 + 0 + 2.
-9
Calculate -2 + (3 - 1 - 0).
0
What is 1 + (-3 - -1) + (-10 - -9)?
-2
What is -5 - -1 - -4 - 0?
0
Calculate -5 - -1 - (-7 - 0).
3
-5 - ((-8 - -6) + 0)
-3
(-2 - 1) + (0 - -6)
3
Evaluate -7 + (2 - 8) + 8 + -3.
-8
4 - 7 - (-4 + 2)
-1
Evaluate (-3 - (-4 + -3)) + 4.
8
Calculate -3 + 14 - ((8 - 2) + 1).
4
What is -1 + 10 + (-14 - -31) + -18?
8
What is the value of 5 + (-8 - -6 - -1)?
4
What is (4 - -2 - 0) + -1?
5
Evaluate 2 + (-2 + -2 - -5).
3
What is 6 - 8 - (-1 + -3)?
2
What is the value of (15 - 15 - -8) + 0?
8
Calculate 2 + -2 + (3 - 1 - 2).
0
Evaluate -4 + (4 - 1) + 4.
3
Evaluate -7 + 1 - (-48 + 37).
5
Calculate -26 + 12 + 14 + 5.
5
2 + -3 + 4 + -13
-10
Calculate (-4 - (-4 + 1)) + -1.
-2
Calculate 4 - (7 + -